 -10001001100111000001010 - 100100?
-10001001100111000101110
In base 3, what is 11221 + -10202111201?
-10202022210
In base 5, what is -2034422033 - -4?
-2034422024
In base 3, what is 11 - -2201121011110?
2201121011121
In base 12, what is -229b7762 + -3?
-229b7765
In base 11, what is -3 + -822690?
-822693
In base 16, what is 2db4399 + -7?
2db4392
In base 14, what is -4 - -1b858a5c?
1b858a58
In base 5, what is 44304431 + -1102?
44303324
In base 13, what is 3 - -2c593822?
2c593825
In base 11, what is -9a54493 - 5?
-9a54498
In base 16, what is -78 - -282dd?
28265
In base 7, what is 4316150 + -316?
4315531
In base 12, what is 96 + 522470?
522546
In base 5, what is 10443302100 + -14?
10443302031
In base 15, what is 14a182 - 11?
14a171
In base 7, what is 256250 + 22231?
311511
In base 6, what is 2051310 + 12152?
2103502
In base 15, what is 1 + -74e3267?
-74e3266
In base 12, what is 1b65 + a00?
2965
In base 8, what is 766203 + -41?
766142
In base 4, what is -2123003123 + -3?
-2123003132
In base 5, what is 104 - 1201142?
-1201033
In base 11, what is 64628 + -49?
6458a
In base 13, what is -1 + -39244c1?
-39244c2
In base 16, what is 4 - 3594dd?
-3594d9
In base 10, what is 89 - 639905?
-639816
In base 6, what is -131355351 + 10?
-131355341
In base 16, what is -fa + 517?
41d
In base 6, what is 1230144 + 433?
1231021
In base 9, what is -7 + 720278?
720271
In base 11, what is 1073 + -73a?
434
In base 2, what is -1000110 + -1111010110011010100011?
-1111010110011011101001
In base 3, what is 201 + -1100101102211?
-1100101102010
In base 16, what is -156a - 218f?
-36f9
In base 11, what is 10074a - -419?
101068
In base 8, what is -12 + 142752251?
142752237
In base 7, what is 4401621246 + 0?
4401621246
In base 14, what is 2301596 + -14?
2301582
In base 7, what is 100051 + -133?
66615
In base 3, what is -100112 + 10121201?
10021012
In base 8, what is 65236 - -1206?
66444
In base 5, what is 1042 + 2413220301?
2413221343
In base 7, what is 2306 - -6340563?
6343202
In base 2, what is -10010011 - -1110001110000100110?
1110001101110010011
In base 16, what is -20f + -1a42?
-1c51
In base 12, what is 3 + -14bb11?
-14bb0a
In base 16, what is 4 + 5d309d?
5d30a1
In base 8, what is 25716 - 32237?
-4321
In base 9, what is -268345482 + 1?
-268345481
In base 7, what is -62 + -2354554?
-2354646
In base 2, what is -10 - 111110011001110100100010111?
-111110011001110100100011001
In base 13, what is -b41 - -3209?
2398
In base 15, what is 1691 + 595?
1c36
In base 12, what is -2 + 2408291?
240828b
In base 4, what is -1010322331221 - -2?
-1010322331213
In base 4, what is -30322321 - -2113321?
-22203000
In base 16, what is 17f57b - 3c?
17f53f
In base 5, what is 424301330003 - 2?
424301330001
In base 12, what is -15 - 588062?
-588077
In base 12, what is 6714 + -14a1?
5233
In base 15, what is 382bab4b + 5?
382bab51
In base 5, what is 4 + 243343120?
243343124
In base 14, what is 1b75 - -2c23?
4998
In base 14, what is 25 + 4d5d?
4d84
In base 10, what is -363 + 345963?
345600
In base 7, what is 2 - -65640035?
65640040
In base 6, what is -43554432 - -15?
-43554413
In base 6, what is -13 - 11051354?
-11051411
In base 5, what is -1043 + -34020112?
-34021210
In base 7, what is 1220223 + -33222?
1154001
In base 9, what is -1 - -132702244?
132702243
In base 5, what is 1142213 + -4341?
1132322
In base 5, what is -23041402 - -204?
-23041143
In base 4, what is -10312023103033 + -2?
-10312023103101
In base 11, what is -6a5311 + -179?
-6a548a
In base 14, what is 92 - -660a92?
660b44
In base 9, what is -580 + -27470?
-28160
In base 11, what is 5944698 - -1?
5944699
In base 15, what is 2c - 23b8?
-238b
In base 12, what is 10b52883 + 1?
10b52884
In base 9, what is 177406408 + -5?
177406403
In base 9, what is -52664178 - -12?
-52664166
In base 13, what is 61 + 4a9?
53a
In base 15, what is 10 + 1e0802c?
1e0803c
In base 8, what is -73605563 - -4?
-73605557
In base 16, what is 5f3f76 - 4?
5f3f72
In base 7, what is -21562230 - -26?
-21562201
In base 2, what is -101 - -10011011111101110100010?
10011011111101110011101
In base 10, what is -11067 + -47152?
-58219
In base 10, what is -4 + 1113873?
1113869
In base 8, what is -2 - -2237754?
2237752
In base 13, what is -26016 + 50?
-25c96
In base 13, what is a + 717422?
71742c
In base 7, what is -115222 - -53412?
-31510
In base 4, what is -113233111223 + 10?
-113233111213
In base 13, what is 285 + -2c6076?
-2c5ac1
In base 4, what is 11 + -31202211131100?
-31202211131023
In base 13, what is -a5 + c036?
bc61
In base 12, what is -5388048 + -3?
-538804b
In base 14, what is 51b8 - 1235?
3d83
In base 13, what is 9b47 - -2490?
c307
In base 7, what is -21140445 + 0?
-21140445
In base 15, what is -11 - 17a50c?
-17a51d
In base 15, what is -6b4c9c + 47?
-6b4c55
In base 4, what is -21030 - 21121132?
-21202222
In base 13, what is 146 - -18494?
1860a
In base 3, what is -2110011221211 - 121?
-2110011222102
In base 13, what is 77 + -ba67b?
-ba604
In base 3, what is 2 + 2121100100212?
2121100100221
In base 10, what is 23233 - 612?
22621
In base 12, what is -5aa5ba - 190?
-5aa78a
In base 5, what is 21402003104 + 4?
21402003113
In base 15, what is -2 - 9241a9?
-9241ab
In base 14, what is 133a95d0 + 1?
133a95d1
In base 11, what is 27 + -1552764?
-1552738
In base 2, what is 10100100001001100100101100 - -101?
10100100001001100100110001
In base 13, what is 304455 - 125?
304330
In base 8, what is 27354112 + 4?
27354116
In base 4, what is 13213312303 - 20?
13213312223
In base 14, what is 0 - -da516?
da516
In base 10, what is -21 - 35056087?
-35056108
In base 13, what is -40 + -341450?
-341490
In base 11, what is 1145 + -12393?
-11249
In base 16, what is d5aafc - -b?
d5ab07
In base 11, what is -3 + 197649595?
197649592
In base 10, what is 1746294 + 280?
1746574
In base 9, what is 8274643 - 17?
8274625
In base 15, what is -4 - -1185d59?
1185d55
In base 16, what is -d1f3 + -2a?
-d21d
In base 16, what is 5 - 167f571?
-167f56c
In base 3, what is -1001202210022001 - -22?
-1001202210021202
In base 7, what is -4521 - -126640?
122116
In base 9, what is -3574 + -23235?
-26820
In base 8, what is 5161720 + 35?
5161755
In base 4, what is 0 - 203113333033?
-203113333033
In base 14, what is -4a8 - 1c9b6?
-1d080
In base 11, what is 30 - 4199231?
-4199201
In base 16, what is b - -48d390?
48d39b
In base 13, what is -82a - 21a?
-a47
In base 4, what is -203010320033321 + -11?
-203010320033332
In base 3, what is 2 - -10022021112220?
10022021112222
In base 3, what is 1021001200112112 - 2?
1021001200112110
In base 13, what is -507662 - -3b?
-507624
In base 4, what is -1010302332313 + 10?
-1010302332303
In base 13, what is -ca171a + 1?
-ca1719
In base 7, what is 351150323 + -22?
351150301
In base 11, what is 1296 + -841?
555
In base 15, what is -15bdc - -5a?
-15b82
In base 8, what is 1512312 + -4?
1512306
In base 16, what is -3bf1 + -3c4?
-3fb5
In base 10, what is -31754336 - 5?
-31754341
In base 2, what is 1 + 1001000010100111000000011?
1001000010100111000000100
In base 9, what is 6468 + 77184?
84663
In base 15, what is 1 + -1a35642?
-1a35641
In base 10, what is 15919073 - 1?
15919072
In base 14, what is 11 + 207507?
207518
In base 14, what is bb + 8ac5?
8ba2
In base 4, what is -13 - 2001031231312?
-2001031231331
In base 4, what is 1123001302 - -12?
1123001320
In base 15, what is -d - 21b65d?
-21b66b
In base 14, what is -84c2 + 6a7?
-7c19
In base 4, what is -1020112311 - 2001?
-1020120312
In base 10, what is 14 - 575206?
-575192
In base 13, what is -a6 + 2ca6bc?
2ca616
In base 14, what is 14 - -540a34?
540a48
In base 15, what is -3826ed - -1?
-3826ec
In base 15, what is 22 - -dbc145?
dbc167
In base 9, what is -6780 + -151602?
-158482
In base 3, what is -221001012011 + -1002?
-221001020020
In base 6, what is -1312 - -2012115?
2010403
In base 6, what is 1 - -214330311?
214330312
In base 3, what is 11 - 21020211022000120?
-21020211022000102
In base 12, what is 5 - 844332?
-844329
In base 13, what is 0 - -b9560c?
b9560c
In base 16, what is -2f - 25741?
-25770
In base 3, what is 21101200210102 + 10?
21101200210112
In base 16, what is -280833 - 162?
-280995
In base 15, what is -1358ad + -24?
-1358d2
In base 7, what is -5525213 - -56?
-5525124
In base 3, what is 111 - -1002121211000100?
1002121211000211
In base 8, what 